 is the tens digit of 10094?
9
What is the hundreds digit of 12512?
5
What is the thousands digit of 1659?
1
What is the ten thousands digit of 19486?
1
What is the thousands digit of 8220?
8
What is the tens digit of 3261?
6
What is the hundreds digit of 223?
2
What is the tens digit of 49?
4
What is the tens digit of 476?
7
What is the units digit of 69?
9
What is the hundreds digit of 8424?
4
What is the hundreds digit of 32405?
4
What is the units digit of 75972?
2
What is the hundreds digit of 470?
4
What is the ten thousands digit of 19573?
1
What is the thousands digit of 29579?
9
What is the hundreds digit of 2403?
4
What is the units digit of 80?
0
What is the hundreds digit of 12882?
8
What is the units digit of 1548?
8
What is the thousands digit of 7898?
7
What is the units digit of 10402?
2
What is the hundreds digit of 442?
4
What is the thousands digit of 22361?
2
What is the thousands digit of 15073?
5
What is the thousands digit of 4475?
4
What is the thousands digit of 2286?
2
What is the hundreds digit of 34611?
6
What is the units digit of 779?
9
What is the thousands digit of 5272?
5
What is the hundreds digit of 34954?
9
What is the units digit of 423?
3
What is the thousands digit of 1569?
1
What is the hundreds digit of 2203?
2
What is the thousands digit of 1239?
1
What is the hundred thousands digit of 142136?
1
What is the tens digit of 17678?
7
What is the hundreds digit of 14803?
8
What is the tens digit of 1078?
7
What is the thousands digit of 7627?
7
What is the tens digit of 12276?
7
What is the tens digit of 61166?
6
What is the units digit of 44160?
0
What is the ten thousands digit of 49668?
4
What is the thousands digit of 85790?
5
What is the hundreds digit of 118388?
3
What is the units digit of 7522?
2
What is the tens digit of 15920?
2
What is the thousands digit of 72203?
2
What is the units digit of 397?
7
What is the units digit of 12748?
8
What is the units digit of 637?
7
What is the units digit of 13612?
2
What is the tens digit of 3014?
1
What is the hundreds digit of 1210?
2
What is the hundreds digit of 712?
7
What is the tens digit of 12527?
2
What is the thousands digit of 1121?
1
What is the hundreds digit of 717?
7
What is the tens digit of 13822?
2
What is the hundreds digit of 649?
6
What is the tens digit of 137696?
9
What is the ten thousands digit of 26007?
2
What is the units digit of 1607?
7
What is the hundreds digit of 780?
7
What is the hundreds digit of 2381?
3
What is the thousands digit of 3114?
3
What is the tens digit of 1210?
1
What is the hundreds digit of 883?
8
What is the hundreds digit of 54574?
5
What is the thousands digit of 11553?
1
What is the units digit of 228?
8
What is the units digit of 1240?
0
What is the hundreds digit of 11305?
3
What is the ten thousands digit of 167559?
6
What is the units digit of 87?
7
What is the hundred thousands digit of 134018?
1
What is the units digit of 32231?
1
What is the tens digit of 856?
5
What is the units digit of 9?
9
What is the units digit of 27389?
9
What is the tens digit of 67834?
3
What is the units digit of 155525?
5
What is the thousands digit of 1393?
1
What is the ten thousands digit of 85914?
8
What is the thousands digit of 4197?
4
What is the hundreds digit of 2560?
5
What is the hundreds digit of 16753?
7
What is the tens digit of 4261?
6
What is the tens digit of 89525?
2
What is the hundreds digit of 1394?
3
What is the thousands digit of 1020?
1
What is the tens digit of 920?
2
What is the hundreds digit of 1473?
4
What is the hundreds digit of 1806?
8
What is the tens digit of 3242?
4
What is the tens digit of 5363?
6
What is the thousands digit of 7158?
7
What is the hundreds digit of 1319?
3
What is the hundreds digit of 74228?
2
What is the thousands digit of 131902?
1
What is the tens digit of 80105?
0
What is the hundreds digit of 9573?
5
What is the ten thousands digit of 21522?
2
What is the ten thousands digit of 22879?
2
What is the thousands digit of 1246?
1
What is the hundreds digit of 75001?
0
What is the hundreds digit of 1679?
6
What is the thousands digit of 1452?
1
What is the thousands digit of 79917?
9
What is the units digit of 25?
5
What is the tens digit of 760?
6
What is the units digit of 38967?
7
What is the tens digit of 1642?
4
What is the units digit of 3639?
9
What is the units digit of 2502?
2
What is the tens digit of 30?
3
What is the hundreds digit of 17279?
2
What is the tens digit of 453?
5
What is the thousands digit of 5037?
5
What is the hundreds digit of 1191?
1
What is the tens digit of 9776?
7
What is the units digit of 1610?
0
What is the tens digit of 240?
4
What is the units digit of 3731?
1
What is the hundreds digit of 8618?
6
What is the hundreds digit of 3432?
4
What is the units digit of 6278?
8
What is the units digit of 192?
2
What is the tens digit of 19886?
8
What is the hundreds digit of 7875?
8
What is the units digit of 9104?
4
What is the tens digit of 356?
5
What is the ten thousands digit of 48815?
4
What is the hundreds digit of 1102?
1
What is the hundreds digit of 1014?
0
What is the thousands digit of 52548?
2
What is the tens digit of 643?
4
What is the units digit of 10185?
5
What is the hundreds digit of 44058?
0
What is the hundreds digit of 6725?
7
What is the hundreds digit of 852?
8
What is the hundreds digit of 945?
9
What is the units digit of 3253?
3
What is the hundreds digit of 1597?
5
What is the tens digit of 1110?
1
What is the ten thousands digit of 12432?
1
What is the ten thousands digit of 16182?
1
What is the tens digit of 1175?
7
What is the thousands digit of 2933?
2
What is the tens digit of 18425?
2
What is the tens digit of 2550?
5
What is the units digit of 5310?
0
What is the tens digit of 623?
2
What is the ten thousands digit of 19380?
1
What is the tens digit of 62384?
8
What is the ten thousands digit of 34407?
3
What is the hundreds digit of 16563?
5
What is the hundreds digit of 506?
5
What is the hundreds digit of 859?
8
What is the units digit of 2187?
7
What is the units digit of 11525?
5
What is the hundreds digit of 618?
6
What is the tens digit of 581?
8
What is the ten thousands digit of 24335?
2
What is the thousands digit of 19999?
9
What is the hundreds digit of 17369?
3
What is the units digit of 328?
8
What is the tens digit of 1412?
1
What is the hundreds digit of 4636?
6
What is the units digit of 135701?
1
What is the units digit of 28900?
0
What is the tens digit of 1191?
9
What is the units digit of 4545?
5
What is the thousands digit of 31957?
1
What is the units digit of 4732?
2
What is the hundreds digit of 3381?
3
What is the thousands digit of 2857?
2
What is the thousands digit of 35527?
5
What is the tens digit of 58878?
7
What is the units digit of 4867?
7
What is the hundreds digit of 768?
7
What is the hundreds digit of 49275?
2
What is the thousands digit of 88665?
8
What is the thousands digit of 70280?
0
What is the units digit of 10385?
5
What is the units digit of 6518?
8
What is the tens digit of 3465?
6
What is the tens digit of 4594?
9
What is the thousands digit of 9838?
9
What is the ten thousands digit of 42881?
4
What is the hundreds digit of 3854?
8
What is the hundreds digit of 10958?
9
What is the units digit of 14714?
4
What is the hundreds digit of 45044?
0
What is the tens digit of 1928?
2
What is the tens digit of 98150?
5
What is the ten thousands digit of 19038?
1
What is the thousands digit of 3224?
3
What is the tens digit of 37416?
1
What is the tens digit of 615?
1
What is the hundreds digit of 345?
3
What is the units digit of 13138?
8
What is the hundreds digit of 463?
4
What is the ten thousands digit of 11327?
1
What is the hundreds digit of 8500?
5
What is the tens digit of 373?
7
What is the tens digit of 83796?
9
What is the units digit of 7766?
6
What is the hundreds digit of 2673?
6
What is the thousands digit of 3995?
3
What is the thousands digit of 1830?
1
What is the hundreds digit of 379?
3
What is the units digit of 5228?
8
What is the hundreds digit of 712?
7
What is the units digit of 647?
7
What is the tens digit of 129?
2
What is the units digit of 3777?
7
What is the hundreds digit of 5006?
0
What is the thousands digit of 6902?
6
Wha